aluate -1 + 6 + (21 + -17 - (2 - -3)).
4
-12 + 0 + (-140 - -137)
-15
What is the value of 40 - 45 - (-6 - -16)?
-15
Evaluate 1 - 17 - (-68 + 0 + 45).
7
-5 + -24 + 6 + 1
-22
Evaluate -16 - (-9 + -13 + 21).
-15
Evaluate (9 - -18) + -28 + 1 + 6.
6
What is the value of -1 - (9 + 8 + -19)?
1
What is the value of 2 + 1 - (40 + (-25 - -14) + -10)?
-16
Evaluate 11 + 25 + -12 + 4 + 4.
32
What is -9 + 1 + 41 + -31 + -14?
-12
Evaluate (-9 - (-1 - 12)) + 6.
10
-25 - (-11 + 16 + -18)
-12
Calculate (-19 - -24) + (1 - (-4 + 2)) + -1.
7
Calculate 1 - 3 - (10 + 21 + -24).
-9
What is (-71 - -65) + (22 - 4)?
12
Evaluate 2 + 2 + -21 + 38 + -33.
-12
Calculate (-5 - (-3 - (-4 - -5))) + 5.
4
What is -22 - (-5 - (14 - (17 + -2)))?
-18
(26 - 26) + (6 - 14) + 3
-5
-17 - (-4 + 3) - (10 - 14)
-12
What is 2 + 8 - (-93 - -91)?
12
What is (5 - 1) + 9 + (-48 - (9 - 8))?
-36
9 - (-12 + 0 + (55 - 42))
8
Evaluate -7 + -1 + (-4 - ((2 - 8) + 4)).
-10
Evaluate (-8 - 0) + -5 + 99 + -101.
-15
What is the value of -26 + (5 - -2) + 10 - 2?
-11
Evaluate (-5 - -2) + (8 - -4) + -1 + -2.
6
(-74 - -72) + -4 + -2 + 22
14
What is (3 - 4) + (2 - 2) + 0?
-1
Calculate -17 + (32 - (39 - 24)).
0
What is the value of (10 - (8 - -27)) + 42?
17
Evaluate 4 + (-5 + 4 - -13) + -5.
11
Evaluate -27 + 3 - (-18 + (-6 - -7) + 6).
-13
11 + 21 + -31 + -24
-23
Calculate 79 + 37 + -19 + -59.
38
What is the value of 4 - (6 - 3) - -16 - (1 + -9)?
25
What is (12 - (5 + -6 - -3)) + (-29 - -44)?
25
38 - ((-55 - -24) + 101)
-32
Evaluate 9 + (7 - 4) + -1 + -3.
8
Evaluate 22 - (-33 + 15 - -47).
-7
Calculate 8 + 9 + -10 - (-2 - -28).
-19
What is (1 - -6 - 3) + 91 + -85?
10
(22 + -37 - 18) + 24
-9
What is the value of -1 + -12 + 8 + -10 + 7?
-8
What is (-64 - -62) + (0 - (26 + -2 + -4))?
-22
Calculate (73 + 9 - 14) + -37.
31
What is -1 + (-1 - -1) + 3 - (-45 + 48)?
-1
Evaluate 7 + -1 - (14 + -50 + 65).
-23
1 + 3 + 0 + -32 + (-16 - -23)
-21
-57 + (15 - -4) + 29
-9
What is the value of (2 - 3) + 7 - (77 + -64)?
-7
(10 - 1) + -16 + (-21 - -17)
-11
(12 - -1) + 3 + -12
4
26 - 38 - ((3 - 9) + 1)
-7
What is the value of 30 + -10 - 15 - -7?
12
What is 3 + -22 - (117 - 114)?
-22
(4 - 0) + -11 + 3
-4
Calculate -54 + 42 + (4 + 2 - (-3 - 0)).
-3
What is 8 - (2 + (27 - 20))?
-1
-25 + -36 - -27 - -19
-15
Calculate 8 + (-15 - -16 - 16).
-7
What is (8 + -8 + 3 - -3) + (19 - 7)?
18
Evaluate (27 + 6 - 38) + -25.
-30
Calculate 22 + -9 + -14 + 8.
7
What is -264 - -250 - (0 + 1)?
-15
Evaluate -20 - (-17 + 25 - 2).
-26
What is the value of 1 + -12 + -3 + 7?
-7
What is the value of (-40 - (-38 + 32)) + 7?
-27
Calculate (-1 + 0 - (-41 - -36)) + -20 - -4.
-12
Evaluate (-5290 - -5297) + 1 + -1 + -28 + -1.
-22
Evaluate (0 - 7) + -5 + -1 + 4.
-9
What is 4 - (4 - 0) - (-5 - 3) - 25?
-17
What is -7 + 2 + (0 - (1 + 0))?
-6
What is (-1 + -1 - (36 - 44)) + -8 + -11?
-13
-3 - (-17 - (12 + -1))
25
0 + (-10 - -3 - -4 - 0) + 5
2
-10 + 25 + 0 - -6 - 10
11
Evaluate -21 + -1 - (73 + -87).
-8
Calculate (2 - 3) + (4 - (-5 + 18)).
-10
(-3 - -2 - 16) + -10 + (-1 - -18)
-10
Evaluate (-22 - (-26 - -24)) + 2.
-18
Calculate 8 + -4 - (-16 - -15).
5
Evaluate 0 + 1 + -20 + (-83 - -83).
-19
What is the value of -11 + -10 + (23 - 0) + 7?
9
0 - ((17 - 11 - 3) + 13)
-16
What is (-1 - 1) + (2 - 2) - (-4 + 2)?
0
(105 - 109) + -1 + 5
0
1 + (3 + -4 + -9 + 8 - 1)
-2
What is the value of (21 - -2 - 2) + (28 - 62) + 34?
21
Evaluate 5 - 1 - -11 - (-9 - (-4 + -11)).
9
What is the value of -31 + 9 + (3 - (-10 + 9 + 8))?
-26
What is (-2 - -3) + -3 - ((-6 - 16) + 20)?
0
What is the value of 0 + (-19 + (20 - -8) - (0 + 4))?
5
(11 - ((-1 - -4) + 2 + 1)) + -12
-7
What is the value of 10 - ((-20 - 5) + 20 - (1 + -12))?
4
Calculate -2 + -28 + 14 - -26.
10
What is the value of 305 + -296 + (-19 - (1 + 0))?
-11
Calculate 0 - -10 - -6 - -5.
21
Evaluate -15 + -2 - -9 - -6 - 8.
-10
Calculate 4 - (-10 + 9 + 1).
4
Evaluate 4 - (-3 - -7) - (-59 + 42).
17
Calculate 4 + (-9 - (-19 - -2)) + -4.
8
38 + 1 - (-87 + -6 + 103)
29
-1 - 2 - (23 + -24)
-2
Evaluate (1 - (-7 + 0)) + -5 + 30 + -33.
0
(16 + -4 - 45) + (1 - 0) + 8
-24
What is the value of 7 + 1 - (18 + (7 - 18))?
1
-8 - (1 - 21) - -2
14
Evaluate 16 + (-50 - -15) - -12.
-7
1 + (-2 - -12) + (17 - (-26 + 45))
9
Calculate (2 - 10) + 1 - (1 + (2 - 18)).
8
What is -31 + (105 - 93) + 4 + (4 - 15)?
-26
Evaluate (-7 - 0) + -1 - (11 - 15).
-4
Evaluate (0 + 1 - 5) + (-721 - -717) + 10.
2
Evaluate 0 + -7 + 1 + (70 - 82).
-18
What is (-40 - -41) + (-20 - (15 - 8))?
-26
Calculate -11 - (-2 - -8 - 11).
-6
(7 + -4 + -5 - (-3 + 6)) + 5
0
Evaluate 21 - (3 + 8 + (-1 - -9) + -15).
17
What is -90 - -5 - (-19 + -25)?
-41
What is -7 - (42 - (3 - -29))?
-17
What is the value of 20 + 20 + -23 - 8?
9
2 + -6 - (9 - (-3 + 8))
-8
Evaluate -9 + 28 + -7 + -9 - (-7 - -3).
7
Calculate -15 + 6 + (-1 + 1 - -14).
5
What is the value of -1 + (7 - (7 + 1 - 5)) + -24?
-21
What is (-26 - -13 - -10) + -9?
-12
What is the value of (0 - (1 + (-13 - -26))) + -4?
-18
Calculate -11 + -14 + 10 + 8.
-7
Calculate -3 + -1 + 9 + 4.
9
What is -11 + (49 - 47 - (-2 + 5 + 0))?
-12
(-5 - -1) + -28 - -12 - -12
-8
Calculate (1 - -2) + 4 + (-18 - -9) + -2.
-4
-2 - -8 - (-32 - -43)
-5
777 + -816 - (-1 + -9 - -2)
-31
What is the value of -27 + 1 - (-3 + (13 - -5) - 14)?
-27
What is the value of 15 + -33 + (-15 - -23)?
-10
What is 1 + -15 + (19 - (2 - -5)) + -5?
-7
Calculate (8 + -13 + 9 - 8) + (-1 - -11).
6
What is 3 - ((86 - 82) + -2 + (9 - 1))?
-7
What is 0 + (-10 + -1 - -7) + -5?
-9
Calculate (-37 - (-18 + 2) - 22) + (-1 - -9).
-35
What is the value of (0 - 15 - -6) + 22?
13
Calculate 6 + (-25 - -2) + 14.
-3
What is the value of (8 - -2) + (60 - 60)?
10
7 + -5 + (-12 - -23)
13
Evaluate 5 + (-1 - 4) + 41 + -36 + 4.
9
What is -4 + 0 + (-6 - -26)?
16
What is the value of -25 - -9 - (-2 + -3)?
-11
Calculate 25 + -4 + -13 + (-1 - -2) + -2.
7
What is the value of -6 + 10 + -16 + -23 + 34?
-1
What is -13 + -1 - (10 + -7 + -17 - -6)?
-6
What is the value of 35 + -31 - (-1 + 13)?
-8
What is (2 - (-1 - (-8 - -1))) + -8?
-12
-1 + 13 + (16 + 8 - 31)
5
Calculate 4 + (-47 - -31) + 8.
-4
What is 28 - (3 - (-3 - 22))?
0
Evaluate (-3 - -1) + (-22 - -10) + 18 - -9.
13
What is (21 - 31) + 24 + (-1 - -2)?
15
What is -4 + -9 + (-54 - -49)?
-18
Calculate 6 + -14 + (2 - (-3 - 2)) - -15.
14
Evaluate 6 + -3 + 4 + 10 + -12 + -9.
-4
What is the value of -6 + 2 + 10 + -6?
0
What is the value of -3 + (-9 - (0 - 17) - 9)?
-4
10 + 3 + (-20 - -17)
10
Evaluate 2 - (5 - -13) - 9 - -6.
-19
What is the value of ((4 - 10) + 2 - -15) + 20 + -27?
4
Evaluate 7 + -4 + 6 - (-69 - -61).
17
Calculate 5 - (-2 - (-5 - -11 - 4)).
9
Evaluate (22 + (-1 - 10) - -11) + -6.
16
Evaluate 8 + 26 - (-12 - -21).
25
What is (20 - 11) + 3 + 3 + (-1 - 2)?
12
What is 1 + 7 - (-6 + (34 - 25))?
5
Calculate -7 + 3 + 6 - (-2 - -8 - 0).
-4
Evaluate -6 + (5 - (1 - -12)) + (2 - -4).
-8
Calculate (28 - 12) + -22 + 10.
4
22 - -21 - 53 - (4 - -1)
-15
What is the value of 5 - (30 - (3 + 3)) - (-8 - 1)?
-10
Evaluate -10 + (-1 - (-22 + 17)).
-6
What is the value of (-10 - (-19 + 23)) + 43?
29
What is (6 - (13 - 14)) + 0 + (1 - -1)?
9
What is 12 - (-3 + (-36 - -41 - (-3 - -1)))?
8
Calculate -4 + -34 + (149 - 85).
26
What is the value of 0 + -20 - (-24 + 21)?
-17
-19 + 0 - (281 + -286)
-14
10 + -1 + -48 + 44
5
What is (-15 - 2) + (313 - 288)?
8
(10 - -4) + 54 + -56
12
Calculate 1 + -10 - (-7 - (-3 - -19) - -4).
10
Calculate (0 - (20 + -41)) + -21.
0
-13 - (38 + 26 + -102)
25
What is the value of (-1 + -6 - (-1 + 1)) + -8?
-15
What is (-5 - -13) + -1 - 4 - 5?
-2
Evaluate 6 + 4 + -2 + -4 + 1.
5
Evaluate (-17 - -1) + (9 - 0 - 6).
-13
What is 10 + -3 + 4 + -17?
-6
Calculate 6 + (-8 - -13) + -16.
-5
Calculate (-19 + 5 - -22) + -17.
-9
What is (-18 - (-16 - -8)) + (3 + -2 - -3)?
-6
What is the value of -6 + -13 + 4 + 6?
-9
-1 + (9 + -1 - (-16 - -25))
-2
What is (35 + -49 - (-1 - 48)) + -2?
33
(-3 + 1 - -7) + 21 + -27
-1
Calculate -20 + (24 - (-10 - -25)).
-11
What is the value of (2 - (0 - 1)) + 4 - (-126 + 136)?
-3
What is the value of 39 + -33 + 15 + 2?
23
What is -161 + 171 - (3 - (-3 + 1 + 19))?
24
What is the value of 16 + -24 - 0 - (-25 - 1)?
18
What is 7 - (-13 - -6 - -20)?
-6
Evaluate (-1 - (-9 + 7)) + -10 - -11.
2
What is the value of -5 + -10 - -6 - (4 - (3 + 32))?
22
Wh